e p(2).
6
Let o(b) = -7*b - 6. Let w(f) = -14*f - 11. Let l(u) = 11*o(u) - 6*w(u). Calculate l(1).
7
Suppose 2*t - 22 = -0*t - 3*n, 3*n + 13 = 5*t. Suppose -5*i + 5 = 4*w - 11, 0 = 5*i - t*w + 20. Let x(u) = u**3 - u**2 - u + 5. Give x(i).
5
Let u be (-56)/10 + (-8)/20. Let s(v) be the second derivative of v**3/6 + 11*v**2/2 - 15*v. Calculate s(u).
5
Let m(u) be the first derivative of -u**3/3 - u**2/2 + 3*u - 1. Let f(p) be the first derivative of m(p). What is f(3)?
-7
Suppose -5*b - 22 = 2*k + 24, b = -5*k - 23. Let d(z) = -z - 14. Give d(b).
-6
Suppose -3*u - 2*u + 10 = 0. Let d(y) = 6*y**u + y**2 - 6*y**2 + 5 + 5*y. What is d(-6)?
11
Let x = -5 - 0. Let g = x + 7. Suppose g*s - 3*s = -5. Let t(v) = v**2 - 7*v + 2. Calculate t(s).
-8
Let r(g) = g**2 + 5*g - 2. Let f(q) = q**2 + q. Let n(d) = -2*f(d) + r(d). Let p(x) be the first derivative of n(x). Give p(6).
-9
Let c(u) = 5 - 6*u - 7 - 2. Let k(y) = 4 + 4*y + 3*y + 1. Let n(j) = -5*c(j) - 4*k(j). Give n(2).
4
Let t(c) = -3*c - 4. Let o(q) = -4*q - 5. Let s(k) = 2*o(k) - 3*t(k). Calculate s(0).
2
Let a(w) = w**2 - 3*w. Let y be a(3). Let q(d) = -10 - 3*d + 0*d + 2*d. Calculate q(y).
-10
Let i(v) = 0*v**2 - 1 - 3*v + 0*v + v**2 - 2. Let k = -3 - -6. What is i(k)?
-3
Let c(h) = h**2 + 4*h + 4. Suppose -u + 3*u - 5*p + 15 = 0, -4*p = -3*u - 19. Give c(u).
9
Let d(o) = -3*o**3 + 2*o**3 - 13*o + 8*o - 4*o**2 - 2. Let z(r) = r**3 - 4*r**2 + 3*r + 1. Let y be z(3). Suppose -2 - y = f. Determine d(f).
4
Let c(w) be the first derivative of w**3/3 + 3*w**2/2 - 4*w + 1. Let n be c(-4). Let x(l) = 0 - 6*l + n*l + 2*l + 2*l**2 + 2. What is x(3)?
8
Let t(j) = -j + 13. Let m be t(7). Let l(x) = x**2 - 10*x + 8. What is l(m)?
-16
Suppose -3*l = -5*j - 31 + 3, 12 = 2*l - 2*j. Let k(f) = 0 - l + f**2 - 2*f + 6*f. Suppose -x - 8 = 3*x. Determine k(x).
-5
Let g(t) = t**3 - 3*t + 4. Let x(q) = 3*q + 15. Let s be x(-4). Calculate g(s).
22
Let l be 31 + -1 + 1 + 1. Suppose -48 = -5*y + l. Suppose -4*g = 4*s - 8, 2*s = 4*s - 2*g + y. Let d(a) = a + 2. What is d(s)?
-1
Let k(s) = 44*s + 3*s**2 - s**3 - 36*s + 2*s**3 - 12*s**2. Calculate k(8).
0
Let c(y) = -y**3 + 4*y**2 + 3*y - 5. Let b = -4 - -8. Suppose -2*t = -3*t + b. Give c(t).
7
Let a(j) be the third derivative of 0*j + 0 - 2*j**2 - 1/6*j**3 - 1/8*j**4. What is a(4)?
-13
Let n(j) = j - 6. Let p = 5 - 5. Suppose -2*h - 3*h + 35 = p. Let w be n(h). Let z(a) = -a**3 + 3*a**2 - a. What is z(w)?
1
Let a(l) be the second derivative of l**4/12 - 2*l**3/3 - 3*l**2 + 14*l. Suppose 28 = 5*z + d, 6 = 5*z - d - 26. What is a(z)?
6
Let b(h) = 10*h**3 + 2*h**2 - 2*h + 1. Let u be (11/55)/((-2)/(-10)). Calculate b(u).
11
Let y(c) = c - 1. Let b = 2 + -2. Let j be y(b). Let n(r) = r + 1. Let u be n(j). Let f(q) = q**3 - q**2 + q. Determine f(u).
0
Let c(u) be the second derivative of u**3/6 + 5*u**2/2 + 9*u. Let q be (0 + 0)*(-1)/2. Determine c(q).
5
Let q = -6 + 9. Let z(y) = -4*y + 4. What is z(q)?
-8
Let d(p) = p**3 - 4*p**2 + 3*p - 4. Let h be 1 + 5 + 9/(-3). Let a be d(h). Let q(m) = m**3 + 3*m**2 - 4*m - 2. What is q(a)?
-2
Suppose 4*s = 4 + 4. Suppose -c - j - j = -9, s*c = 2*j. Let w(l) = l**3 - l**2 + 4 - 4 - 4*l - 1. What is w(c)?
5
Let c(q) = q**2 + q - 4. Let p be 5/25 - 21/5. Calculate c(p).
8
Let o(x) be the second derivative of x**8/6720 - x**7/840 + x**5/60 - x**4/6 + 2*x. Let c(m) be the third derivative of o(m). Determine c(3).
2
Suppose -4*f = i + 13, -3*i - 11 = 3*f + 2*f. Let k(a) = 0 + 4*a**3 - 5*a**3 - 2*a**2 - 2 - a**i. Suppose 0 = 4*b - 3 + 11. Calculate k(b).
6
Let u(g) = 3*g**2 - 2*g - 1. Let x(o) = o**2 - o - 2*o - o + 2. Let k(p) = -p**2 + 6*p - 2. Let m be k(5). Let h be x(m). What is u(h)?
4
Let v(l) be the first derivative of l**4/4 - 4*l**3/3 + l**2/2 - l + 1. Let o be (6/(-15))/((-2)/(-20)). Let y be 3*2/(o/(-2)). Determine v(y).
-7
Let q = -2 + 7. Let t(a) = -a**2 + 4*a - 4. Calculate t(q).
-9
Suppose 0 = 3*c + 2*c + 25. Let n(b) be the second derivative of -b**5/20 - b**4/2 - b**3/2 + 5*b**2/2 - 3*b. What is n(c)?
-5
Let m(k) be the third derivative of -5/6*k**3 - 1/6*k**4 + 1/60*k**5 + 0 + 2*k**2 + 0*k. Let n(f) = -f**2 + 6*f. Let o be n(5). What is m(o)?
0
Let g(a) = 0*a**2 - a**2 + 4*a**2 - 7 - 4*a - 2*a**2. Determine g(5).
-2
Let q(w) = -6 - 7*w**2 - 14*w**3 - 13*w**3 - 8*w + 31*w**3 - 5*w**3. Give q(-6).
6
Let a(o) be the first derivative of o**2 + o - 1/3*o**3 - 8. Give a(4).
-7
Let j(n) = 2*n**3 - 4*n**2 + 3*n - 2. Let x(p) = p**3 + 12*p**2 + 10*p - 9. Suppose -4*g - 4 - 40 = 0. Let r be x(g). Give j(r).
4
Let n(z) = 3*z - 4. Let d(y) = 3*y - 9. Let w be d(4). Give n(w).
5
Let l(z) = -z + 2. Suppose -5*q - u = 9, -2*u - 2*u = -5*q - 14. Let c be (q - -1) + 0 + 6. Calculate l(c).
-3
Let w(a) = -3*a**2 - 2. Suppose 18 = -4*u - 2*o, -21 = 3*u + 2*o - 5. What is w(u)?
-14
Let r(k) = 3*k - 1. Let i be 26/39*(-9)/(-2). Let v be (-1 + 1/(-3))*-3. Let h be 1*(v - i) + 2. What is r(h)?
8
Let s(p) = p**2 - 4*p - 3. Let m = -3 - -5. Let g(w) = w - 1. Let v be g(m). Suppose -y = -0 + v, 0 = 4*o - 2*y - 18. Calculate s(o).
-3
Let k(n) = n**2 + 2*n - 1. Let o be k(-2). Let x(c) = 7*c**3 - c**2. What is x(o)?
-8
Let f(a) = 7*a**3 + 17*a**2 + 4*a + 18. Let p(d) = -3*d**3 - 8*d**2 - 2*d - 9. Let t(n) = -2*f(n) - 5*p(n). Calculate t(-6).
-3
Let f(i) be the second derivative of i**6/120 + i**4/6 + i. Let o(v) be the third derivative of f(v). Calculate o(1).
6
Suppose 2*y + 2*i = -2, 3*y + 3*i + 8 = -y. Let g(p) = 3*p + 2. What is g(y)?
-13
Let t(c) = -c**3 - 3*c**2 + 4*c - 3. Let a = 8 - 12. Give t(a).
-3
Let s(j) = -3*j - 1 + 2*j**3 + 3*j**3 + 0 - 4*j**3. Give s(-2).
-3
Let a(n) = n**2 + 4*n - 7. Suppose 2*d - 3*d = -15. Suppose -5*m - 4*h - 5 = 28, -5*h - d = m. Calculate a(m).
-2
Let f(w) = w**2 + 5*w + 4. Suppose -34*x = -27*x + 35. Calculate f(x).
4
Suppose 5*q = -0*q - 15. Let v(o) = -o**3 - 4*o**2 - o - 2. What is v(q)?
-8
Let n(g) = -1 - 17*g**2 + 5 - 8*g - g**3 + 8*g**2 + 3. Calculate n(-8).
7
Let g(z) = -z + 3. Suppose a = -4*y + 21, -5*y + 8 = -12. Suppose -3*u + 5*u = -a*w - 17, 5*w + 29 = u. Let o = u + -1. Give g(o).
0
Let p(k) = 6*k**3 - k - 1. Let c(r) = r**3 - 1. Let x be c(0). Give p(x).
-6
Let o(d) be the first derivative of d**6/180 - d**5/40 + d**4/24 + d**3/3 + 2. Let j(c) be the third derivative of o(c). Let a be -3 + 5 - (-1 + 1). Give j(a).
3
Let n(d) = -d**2 - 2*d + 3. Suppose k + 0*j - 17 = -4*j, k + 28 = 5*j. Calculate n(k).
0
Let n(v) = -4*v - 2. Let i(a) = 4*a + 3. Let w(t) = -5*i(t) - 6*n(t). Suppose 0*l + 26 = 3*l - j, 3*j = -2*l - 1. Suppose 1 = 4*d - l. What is w(d)?
5
Let k(u) = -5*u + 4*u + 32 + 30 - 56. Calculate k(3).
3
Suppose -31 = 5*o - 3*b, 3*b = 7 - 1. Let y(i) be the third derivative of 0*i + 0 - i**3 - i**2 - 1/12*i**4. Determine y(o).
4
Let k(x) be the first derivative of 9*x**2/2 + 3*x - 10. Let p(q) = -q**3 + 3*q**2 - 2*q + 4. Let r be p(3). What is k(r)?
-15
Let l(b) be the second derivative of -2*b**3/3 + 7*b**2/2 + b. Give l(5).
-13
Let l = -12 - -17. Let b(i) = l*i + i**2 - 1 + i**2 - 11*i. Let c(f) = 3*f**2 - 9*f - 1. Let m(r) = 7*b(r) - 5*c(r). What is m(3)?
-2
Let d(n) be the second derivative of -n**4/12 + n**3/6 - 3*n**2 - 7*n. Give d(0).
-6
Let c(h) = h**3 + h**2 - 3*h + 2. Suppose -w + 2*n = w - 2, -5*w - 3 = -3*n. Determine c(w).
-7
Let z(t) = 3*t**2 - 2*t - 5. Let f(u) = -4*u**2 + 2*u + 5. Let k = 5 - 8. Let n(g) = k*z(g) - 2*f(g). What is n(5)?
-10
Let t(h) = h**3 + 8*h**2 + 7*h - 8. Let d = -79 - -72. Determine t(d).
-8
Let i(y) = y. Let s be 0/1 - ((-7 - -4) + 2). Calculate i(s).
1
Let c(v) = -10*v + 3. Let x(m) = -m + 1. Let u(t) = -c(t) + 3*x(t). Let s be (-2)/(-4)*4/2. Calculate u(s).
7
Let f(j) be the third derivative of j**5/60 + j**4/8 + j**3/3 + 26*j**2. Suppose -2*d + d = 4. Give f(d).
6
Let x(p) be the second derivative of -p**3/2 + p**2/2 + 12*p. Determine x(-2).
7
Let q(u) = -u**3 - 4*u**2 - 2*u - 3. Let w(x) = 2*x**3 + 5*x**2 + 2*x + 4. Let m(a) = -3*q(a) - 2*w(a). Calculate m(-1).
2
Let d = 21 - 26. Let s(p) = -p - 7. What is s(d)?
-2
Let i(y) = -y**2 + 6*y - 5. Suppose 0 = -b + 8 - 2. Determine i(b).
-5
Let o = -4 - -9. Let y(t) be the second derivative of 1/6*t**3 + 2*t - 1/20*t**o + t**2 + 1/4*t**4 + 0. What is y(3)?
5
Let t(g) = 9 - g - 2 - 3*g**2 + g**3 + 2*g**2 - 